{"id":50,"date":"2023-03-26T21:41:44","date_gmt":"2023-03-26T21:41:44","guid":{"rendered":"https:\/\/consizmir.esteri.it\/?page_id=50"},"modified":"2024-10-23T05:39:56","modified_gmt":"2024-10-23T05:39:56","slug":"numeri-di-emergenza","status":"publish","type":"page","link":"https:\/\/consizmir.esteri.it\/it\/chi-siamo\/numeri-di-emergenza\/","title":{"rendered":"Numeri di emergenza"},"content":{"rendered":"<p>In casi di comprovata emergenza sono attivi i seguenti numeri \u00a0solo per i cittadini italiani in situazioni di difficolt\u00e0.\u00a0<strong>NON SARANNO FORNITE INFORMAZIONI CIRCA LE PRATICHE DI VISTO<\/strong>.<\/p>\n<p><a href=\"https:\/\/consizmir.esteri.it\/it\/chi-siamo\/numeri-di-emergenza\/\"><img decoding=\"async\" src=\"https:\/\/ambankara.esteri.it\/wp-content\/uploads\/2022\/11\/giallo.png\" alt=\"giallo\" \/><\/a> Per l\u2019area di Izmir, la costa mediterranea e la Cappadocia<\/p>\n<ul>\n<li>Nei giorni lavorativi e negli orari d\u2019ufficio (lun-ven dalle 11:00 alle 12:00): <strong>centralino + 90 2324636676 <\/strong><\/li>\n<li>Nei giorni festivi e al di fuori degli orari d\u2019ufficio: <strong>numero di emergenza +90 5326773273<\/strong><\/li>\n<\/ul>\n<p><a href=\"https:\/\/consizmir.esteri.it\/it\/chi-siamo\/numeri-di-emergenza\/\"><img decoding=\"async\" src=\"https:\/\/ambankara.esteri.it\/wp-content\/uploads\/2022\/11\/blu.png\" alt=\"blu\" \/><\/a>Per l\u2019area di Ankara e il sud-est della Turchia<\/p>\n<ul>\n<li>Nei giorni lavorativi e negli orari d\u2019ufficio (lun-ven dalle 9:00 alle 17:00): <strong>centralino +90 3124574200<\/strong><\/li>\n<li>Nei giorni festivi e al di fuori degli orari d\u2019ufficio: <strong>numero di emergenza +90 5323748177<\/strong><\/li>\n<\/ul>\n<p><a href=\"https:\/\/consizmir.esteri.it\/it\/chi-siamo\/numeri-di-emergenza\/\"><img decoding=\"async\" src=\"https:\/\/ambankara.esteri.it\/wp-content\/uploads\/2022\/11\/verde.png\" alt=\"verde\" \/><\/a> Per l\u2019area di Istanbul e la costa del Mar Nero<\/p>\n<ul>\n<li>Nei giorni lavorativi e negli orari d\u2019ufficio (lun-ven dalle 9:00 alle 16:30):<br \/>\n<strong>&#8211; Cancelleria Consolare +90 2122431024, int. 1171<br \/>\n<\/strong><strong>&#8211; centralino +90 2122431024 \/ +90 2122431025<\/strong><\/li>\n<li>Nei giorni festivi e al di fuori degli orari d\u2019ufficio (da luned\u00ec a gioved\u00ec: 16.30-23.00; venerd\u00ec: 14.30-23.00; sabato, domenica e festivi: 8.00-23.00):<br \/>\n<strong>&#8211; numero di emergenza +90 5554585844 (Italiano)<br \/>\n<\/strong><strong>&#8211; numero di emergenza +90 5552341906 (Turco)<\/strong><\/li>\n<\/ul>\n<p><img decoding=\"async\" class=\"alignnone size-medium wp-image-161 img-fluid\" src=\"https:\/\/consizmir.esteri.it\/wp-content\/uploads\/2023\/03\/attuali_circoscrizioni.png\" alt=\"Attuali circoscrizioni\" width=\"800\" srcset=\"https:\/\/consizmir.esteri.it\/wp-content\/uploads\/2023\/03\/attuali_circoscrizioni.png 888w, https:\/\/consizmir.esteri.it\/wp-content\/uploads\/2023\/03\/attuali_circoscrizioni-300x163.png 300w, https:\/\/consizmir.esteri.it\/wp-content\/uploads\/2023\/03\/attuali_circoscrizioni-768x417.png 768w\" sizes=\"(max-width: 888px) 100vw, 888px\" \/><\/p>\n<p>&nbsp;<\/p>\n","protected":false},"excerpt":{"rendered":"In casi di comprovata emergenza sono attivi i seguenti numeri \u00a0solo per i cittadini italiani in situazioni di difficolt\u00e0.\u00a0NON SARANNO FORNITE INFORMAZIONI CIRCA LE PRATICHE DI VISTO. Per l\u2019area di Izmir, la costa mediterranea e la Cappadocia Nei giorni lavorativi e negli orari d\u2019ufficio (lun-ven dalle 11:00 alle 12:00): centralino + 90 2324636676 Nei giorni [&hellip;]","protected":false},"author":2,"featured_media":0,"parent":17,"menu_order":10,"comment_status":"closed","ping_status":"closed","template":"","meta":{"footnotes":""},"class_list":["post-50","page","type-page","status-publish","hentry"],"_links":{"self":[{"href":"https:\/\/consizmir.esteri.it\/it\/wp-json\/wp\/v2\/pages\/50","targetHints":{"allow":["GET"]}}],"collection":[{"href":"https:\/\/consizmir.esteri.it\/it\/wp-json\/wp\/v2\/pages"}],"about":[{"href":"https:\/\/consizmir.esteri.it\/it\/wp-json\/wp\/v2\/types\/page"}],"author":[{"embeddable":true,"href":"https:\/\/consizmir.esteri.it\/it\/wp-json\/wp\/v2\/users\/2"}],"replies":[{"embeddable":true,"href":"https:\/\/consizmir.esteri.it\/it\/wp-json\/wp\/v2\/comments?post=50"}],"version-history":[{"count":7,"href":"https:\/\/consizmir.esteri.it\/it\/wp-json\/wp\/v2\/pages\/50\/revisions"}],"predecessor-version":[{"id":2525,"href":"https:\/\/consizmir.esteri.it\/it\/wp-json\/wp\/v2\/pages\/50\/revisions\/2525"}],"up":[{"embeddable":true,"href":"https:\/\/consizmir.esteri.it\/it\/wp-json\/wp\/v2\/pages\/17"}],"wp:attachment":[{"href":"https:\/\/consizmir.esteri.it\/it\/wp-json\/wp\/v2\/media?parent=50"}],"curies":[{"name":"wp","href":"https:\/\/api.w.org\/{rel}","templated":true}]}}

<p>In casi di comprovata emergenza sono attivi i seguenti numeri  solo per i cittadini italiani in situazioni di difficoltà. <strong>NON SARANNO FORNITE INFORMAZIONI CIRCA LE PRATICHE DI VISTO</strong>.</p>
<p><a href="https://consizmir.esteri.it/it/chi-siamo/numeri-di-emergenza/"><img decoding="async" src="https://ambankara.esteri.it/wp-content/uploads/2022/11/giallo.png" alt="giallo" /></a> Per l’area di Izmir, la costa mediterranea e la Cappadocia</p>
<ul>
<li>Nei giorni lavorativi e negli orari d’ufficio (lun-ven dalle 11:00 alle 12:00): <strong>centralino + 90 2324636676 </strong></li>
<li>Nei giorni festivi e al di fuori degli orari d’ufficio: <strong>numero di emergenza +90 5326773273</strong></li>
</ul>
<p><a href="https://consizmir.esteri.it/it/chi-siamo/numeri-di-emergenza/"><img decoding="async" src="https://ambankara.esteri.it/wp-content/uploads/2022/11/blu.png" alt="blu" /></a>Per l’area di Ankara e il sud-est della Turchia</p>
<ul>
<li>Nei giorni lavorativi e negli orari d’ufficio (lun-ven dalle 9:00 alle 17:00): <strong>centralino +90 3124574200</strong></li>
<li>Nei giorni festivi e al di fuori degli orari d’ufficio: <strong>numero di emergenza +90 5323748177</strong></li>
</ul>
<p><a href="https://consizmir.esteri.it/it/chi-siamo/numeri-di-emergenza/"><img decoding="async" src="https://ambankara.esteri.it/wp-content/uploads/2022/11/verde.png" alt="verde" /></a> Per l’area di Istanbul e la costa del Mar Nero</p>
<ul>
<li>Nei giorni lavorativi e negli orari d’ufficio (lun-ven dalle 9:00 alle 16:30):<br />
<strong>&#8211; Cancelleria Consolare +90 2122431024, int. 1171<br />
</strong><strong>&#8211; centralino +90 2122431024 / +90 2122431025</strong></li>
<li>Nei giorni festivi e al di fuori degli orari d’ufficio (da lunedì a giovedì: 16.30-23.00; venerdì: 14.30-23.00; sabato, domenica e festivi: 8.00-23.00):<br />
<strong>&#8211; numero di emergenza +90 5554585844 (Italiano)<br />
</strong><strong>&#8211; numero di emergenza +90 5552341906 (Turco)</strong></li>
</ul>
<p><img decoding="async" class="alignnone size-medium wp-image-161 img-fluid" src="https://consizmir.esteri.it/wp-content/uploads/2023/03/attuali_circoscrizioni.png" alt="Attuali circoscrizioni" width="800" srcset="https://consizmir.esteri.it/wp-content/uploads/2023/03/attuali_circoscrizioni.png 888w, https://consizmir.esteri.it/wp-content/uploads/2023/03/attuali_circoscrizioni-300x163.png 300w, https://consizmir.esteri.it/wp-content/uploads/2023/03/attuali_circoscrizioni-768x417.png 768w" sizes="(max-width: 888px) 100vw, 888px" /></p>
<p>&nbsp;</p>

In casi di comprovata emergenza sono attivi i seguenti numeri  solo per i cittadini italiani in situazioni di difficoltà. NON SARANNO FORNITE INFORMAZIONI CIRCA LE PRATICHE DI VISTO. Per l’area di Izmir, la costa mediterranea e la Cappadocia Nei giorni lavorativi e negli orari d’ufficio (lun-ven dalle 11:00 alle 12:00): centralino + 90 2324636676 Nei giorni [&hellip;]
