{"id":164,"date":"2023-03-26T21:41:44","date_gmt":"2023-03-26T21:41:44","guid":{"rendered":"https:\/\/consizmir.esteri.it\/chi-siamo\/numeri-di-emergenza\/"},"modified":"2024-10-23T05:41:04","modified_gmt":"2024-10-23T05:41:04","slug":"numeri-di-emergenza","status":"publish","type":"page","link":"https:\/\/consizmir.esteri.it\/tr\/chi-siamo\/numeri-di-emergenza\/","title":{"rendered":"Acil Durum Telefon Numaralar\u0131"},"content":{"rendered":"<p>Kan\u0131tlanm\u0131\u015f acil durumlarda, a\u015fa\u011f\u0131daki numaralar\u00a0yaln\u0131zca zor durumdaki \u0130talyan vatanda\u015flar\u0131 i\u00e7in\u00a0kullan\u0131labilmektedir.\u00a0<strong>V\u0130ZE PROSED\u00dcRLER\u0130 HAKKINDA B\u0130LG\u0130 VER\u0130LMEYECEKT\u0130R<\/strong>.<\/p>\n<p><a href=\"https:\/\/consizmir.esteri.it\/it\/chi-siamo\/numeri-di-emergenza\/\"><img decoding=\"async\" src=\"https:\/\/ambankara.esteri.it\/wp-content\/uploads\/2022\/11\/giallo.png\" alt=\"giallo\" \/><\/a> \u0130zmir, Akdeniz ve Kapadokya b\u00f6lgesi i\u00e7in:<\/p>\n<ul>\n<li>Mesai g\u00fcn ve saatlerinde (Pazartesi &#8211; Cuma saat 11:00 &#8211; 12:00): <strong>Santral + 90 2324636676 <\/strong><\/li>\n<li>Tatil g\u00fcnlerinde ve mesai saatleri d\u0131\u015f\u0131nda: <strong>Acil durum numaras\u0131<\/strong> <strong>+90 5326773273<\/strong><\/li>\n<\/ul>\n<p><a href=\"https:\/\/consizmir.esteri.it\/it\/chi-siamo\/numeri-di-emergenza\/\"><img decoding=\"async\" src=\"https:\/\/ambankara.esteri.it\/wp-content\/uploads\/2022\/11\/blu.png\" alt=\"blu\" \/><\/a> Ankara ve G\u00fcneydo\u011fu Anadolu b\u00f6lgesi i\u00e7in:<\/p>\n<ul>\n<li>Mesai g\u00fcn ve saatlerinde (Pazartesi &#8211; Cuma saat 09:00-17:00): <strong>Santral<\/strong> <strong>+90 3124574200\u00a0\u00a0\u00a0<\/strong><\/li>\n<li>Tatil g\u00fcnlerinde ve mesai saatleri d\u0131\u015f\u0131nda: <strong>Acil durum numaras\u0131<\/strong> <strong>+90 5323748177<\/strong><\/li>\n<\/ul>\n<p><a href=\"https:\/\/consizmir.esteri.it\/it\/chi-siamo\/numeri-di-emergenza\/\"><img decoding=\"async\" src=\"https:\/\/ambankara.esteri.it\/wp-content\/uploads\/2022\/11\/verde.png\" alt=\"verde\" \/><\/a> \u0130stanbul ve Karadeniz b\u00f6lgesi i\u00e7in:<\/p>\n<ul>\n<li>Mesai g\u00fcn ve saatlerinde (Pazartesi &#8211; Cuma saat 9:00 -16:30):<br \/>\n<strong>&#8211; Konsolosluk B\u00f6l\u00fcm\u00fc +90 2122431024, dahili 1171<br \/>\n<\/strong><strong><strong>&#8211; Santral +90 2122431024 \/ +90 2122431025<\/strong><\/strong><\/li>\n<li>Tatil g\u00fcnlerinde ve mesai saatleri d\u0131\u015f\u0131nda: (Pazartesi &#8211; Per\u015fembe: 16.30-23.00; Cuma: 14.30-23.00; Cumartesi, Pazar ve resm\u00ee tatillerde: 8.00-23.00):<br \/>\n<strong>&#8211; Acil durum numaras\u0131 +90 5554585844 (\u0130talyanca)<br \/>\n<\/strong><strong>&#8211; Acil durum numaras\u0131<\/strong> <strong>+90 5552341906 (T\u00fcrk\u00e7e)<\/strong><\/li>\n<\/ul>\n<p>&nbsp;<\/p>\n<p><img decoding=\"async\" class=\"alignnone size-medium wp-image-161 img-fluid\" src=\"https:\/\/consizmir.esteri.it\/wp-content\/uploads\/2023\/03\/attuali_circoscrizioni.png\" alt=\"Attuali circoscrizioni\" width=\"800\" srcset=\"https:\/\/consizmir.esteri.it\/wp-content\/uploads\/2023\/03\/attuali_circoscrizioni.png 888w, https:\/\/consizmir.esteri.it\/wp-content\/uploads\/2023\/03\/attuali_circoscrizioni-300x163.png 300w, https:\/\/consizmir.esteri.it\/wp-content\/uploads\/2023\/03\/attuali_circoscrizioni-768x417.png 768w\" sizes=\"(max-width: 888px) 100vw, 888px\" \/><\/p>\n<p>&nbsp;<\/p>\n","protected":false},"excerpt":{"rendered":"Kan\u0131tlanm\u0131\u015f acil durumlarda, a\u015fa\u011f\u0131daki numaralar\u00a0yaln\u0131zca zor durumdaki \u0130talyan vatanda\u015flar\u0131 i\u00e7in\u00a0kullan\u0131labilmektedir.\u00a0V\u0130ZE PROSED\u00dcRLER\u0130 HAKKINDA B\u0130LG\u0130 VER\u0130LMEYECEKT\u0130R. \u0130zmir, Akdeniz ve Kapadokya b\u00f6lgesi i\u00e7in: Mesai g\u00fcn ve saatlerinde (Pazartesi &#8211; Cuma saat 11:00 &#8211; 12:00): Santral + 90 2324636676 Tatil g\u00fcnlerinde ve mesai saatleri d\u0131\u015f\u0131nda: Acil durum numaras\u0131 +90 5326773273 Ankara ve G\u00fcneydo\u011fu Anadolu b\u00f6lgesi i\u00e7in: Mesai g\u00fcn ve [&hellip;]","protected":false},"author":2,"featured_media":0,"parent":130,"menu_order":10,"comment_status":"closed","ping_status":"closed","template":"","meta":{"footnotes":""},"class_list":["post-164","page","type-page","status-publish","hentry"],"_links":{"self":[{"href":"https:\/\/consizmir.esteri.it\/tr\/wp-json\/wp\/v2\/pages\/164","targetHints":{"allow":["GET"]}}],"collection":[{"href":"https:\/\/consizmir.esteri.it\/tr\/wp-json\/wp\/v2\/pages"}],"about":[{"href":"https:\/\/consizmir.esteri.it\/tr\/wp-json\/wp\/v2\/types\/page"}],"author":[{"embeddable":true,"href":"https:\/\/consizmir.esteri.it\/tr\/wp-json\/wp\/v2\/users\/2"}],"replies":[{"embeddable":true,"href":"https:\/\/consizmir.esteri.it\/tr\/wp-json\/wp\/v2\/comments?post=164"}],"version-history":[{"count":6,"href":"https:\/\/consizmir.esteri.it\/tr\/wp-json\/wp\/v2\/pages\/164\/revisions"}],"predecessor-version":[{"id":2526,"href":"https:\/\/consizmir.esteri.it\/tr\/wp-json\/wp\/v2\/pages\/164\/revisions\/2526"}],"up":[{"embeddable":true,"href":"https:\/\/consizmir.esteri.it\/tr\/wp-json\/wp\/v2\/pages\/130"}],"wp:attachment":[{"href":"https:\/\/consizmir.esteri.it\/tr\/wp-json\/wp\/v2\/media?parent=164"}],"curies":[{"name":"wp","href":"https:\/\/api.w.org\/{rel}","templated":true}]}}

Acil Durum Telefon Numaraları

<p>Kanıtlanmış acil durumlarda, aşağıdaki numaralar yalnızca zor durumdaki İtalyan vatandaşları için kullanılabilmektedir. <strong>VİZE PROSEDÜRLERİ HAKKINDA BİLGİ VERİLMEYECEKTİR</strong>.</p>
<p><a href="https://consizmir.esteri.it/it/chi-siamo/numeri-di-emergenza/"><img decoding="async" src="https://ambankara.esteri.it/wp-content/uploads/2022/11/giallo.png" alt="giallo" /></a> İzmir, Akdeniz ve Kapadokya bölgesi için:</p>
<ul>
<li>Mesai gün ve saatlerinde (Pazartesi &#8211; Cuma saat 11:00 &#8211; 12:00): <strong>Santral + 90 2324636676 </strong></li>
<li>Tatil günlerinde ve mesai saatleri dışında: <strong>Acil durum numarası</strong> <strong>+90 5326773273</strong></li>
</ul>
<p><a href="https://consizmir.esteri.it/it/chi-siamo/numeri-di-emergenza/"><img decoding="async" src="https://ambankara.esteri.it/wp-content/uploads/2022/11/blu.png" alt="blu" /></a> Ankara ve Güneydoğu Anadolu bölgesi için:</p>
<ul>
<li>Mesai gün ve saatlerinde (Pazartesi &#8211; Cuma saat 09:00-17:00): <strong>Santral</strong> <strong>+90 3124574200   </strong></li>
<li>Tatil günlerinde ve mesai saatleri dışında: <strong>Acil durum numarası</strong> <strong>+90 5323748177</strong></li>
</ul>
<p><a href="https://consizmir.esteri.it/it/chi-siamo/numeri-di-emergenza/"><img decoding="async" src="https://ambankara.esteri.it/wp-content/uploads/2022/11/verde.png" alt="verde" /></a> İstanbul ve Karadeniz bölgesi için:</p>
<ul>
<li>Mesai gün ve saatlerinde (Pazartesi &#8211; Cuma saat 9:00 -16:30):<br />
<strong>&#8211; Konsolosluk Bölümü +90 2122431024, dahili 1171<br />
</strong><strong><strong>&#8211; Santral +90 2122431024 / +90 2122431025</strong></strong></li>
<li>Tatil günlerinde ve mesai saatleri dışında: (Pazartesi &#8211; Perşembe: 16.30-23.00; Cuma: 14.30-23.00; Cumartesi, Pazar ve resmî tatillerde: 8.00-23.00):<br />
<strong>&#8211; Acil durum numarası +90 5554585844 (İtalyanca)<br />
</strong><strong>&#8211; Acil durum numarası</strong> <strong>+90 5552341906 (Türkçe)</strong></li>
</ul>
<p>&nbsp;</p>
<p><img decoding="async" class="alignnone size-medium wp-image-161 img-fluid" src="https://consizmir.esteri.it/wp-content/uploads/2023/03/attuali_circoscrizioni.png" alt="Attuali circoscrizioni" width="800" srcset="https://consizmir.esteri.it/wp-content/uploads/2023/03/attuali_circoscrizioni.png 888w, https://consizmir.esteri.it/wp-content/uploads/2023/03/attuali_circoscrizioni-300x163.png 300w, https://consizmir.esteri.it/wp-content/uploads/2023/03/attuali_circoscrizioni-768x417.png 768w" sizes="(max-width: 888px) 100vw, 888px" /></p>
<p>&nbsp;</p>

Kanıtlanmış acil durumlarda, aşağıdaki numaralar yalnızca zor durumdaki İtalyan vatandaşları için kullanılabilmektedir. VİZE PROSEDÜRLERİ HAKKINDA BİLGİ VERİLMEYECEKTİR. İzmir, Akdeniz ve Kapadokya bölgesi için: Mesai gün ve saatlerinde (Pazartesi &#8211; Cuma saat 11:00 &#8211; 12:00): Santral + 90 2324636676 Tatil günlerinde ve mesai saatleri dışında: Acil durum numarası +90 5326773273 Ankara ve Güneydoğu Anadolu bölgesi için: Mesai gün ve [&hellip;]
