{"id":179,"date":"2023-03-26T21:45:24","date_gmt":"2023-03-26T21:45:24","guid":{"rendered":"https:\/\/consizmir.esteri.it\/litalia-e-turchia\/cooperazione-allo-sviluppo\/"},"modified":"2023-03-29T21:14:37","modified_gmt":"2023-03-29T21:14:37","slug":"cooperazione-allo-sviluppo","status":"publish","type":"page","link":"https:\/\/consizmir.esteri.it\/tr\/litalia-e-turchia\/cooperazione-allo-sviluppo\/","title":{"rendered":"Geli\u015ftirme i\u015fbirli\u011fi"},"content":{"rendered":"<p>I\u00e7erik yaln\u0131zca italyanca mevcuttur<\/p>\n","protected":false},"excerpt":{"rendered":"I\u00e7erik yaln\u0131zca italyanca mevcuttur","protected":false},"author":2,"featured_media":0,"parent":131,"menu_order":6,"comment_status":"closed","ping_status":"closed","template":"","meta":{"footnotes":""},"class_list":["post-179","page","type-page","status-publish","hentry"],"_links":{"self":[{"href":"https:\/\/consizmir.esteri.it\/tr\/wp-json\/wp\/v2\/pages\/179","targetHints":{"allow":["GET"]}}],"collection":[{"href":"https:\/\/consizmir.esteri.it\/tr\/wp-json\/wp\/v2\/pages"}],"about":[{"href":"https:\/\/consizmir.esteri.it\/tr\/wp-json\/wp\/v2\/types\/page"}],"author":[{"embeddable":true,"href":"https:\/\/consizmir.esteri.it\/tr\/wp-json\/wp\/v2\/users\/2"}],"replies":[{"embeddable":true,"href":"https:\/\/consizmir.esteri.it\/tr\/wp-json\/wp\/v2\/comments?post=179"}],"version-history":[{"count":1,"href":"https:\/\/consizmir.esteri.it\/tr\/wp-json\/wp\/v2\/pages\/179\/revisions"}],"predecessor-version":[{"id":184,"href":"https:\/\/consizmir.esteri.it\/tr\/wp-json\/wp\/v2\/pages\/179\/revisions\/184"}],"up":[{"embeddable":true,"href":"https:\/\/consizmir.esteri.it\/tr\/wp-json\/wp\/v2\/pages\/131"}],"wp:attachment":[{"href":"https:\/\/consizmir.esteri.it\/tr\/wp-json\/wp\/v2\/media?parent=179"}],"curies":[{"name":"wp","href":"https:\/\/api.w.org\/{rel}","templated":true}]}}

Geliştirme işbirliği

<p>Içerik yalnızca italyanca mevcuttur</p>

Içerik yalnızca italyanca mevcuttur
